{"id":1143,"date":"2023-09-26T22:31:12","date_gmt":"2023-09-27T03:31:12","guid":{"rendered":"https:\/\/retoquex.com\/?post_type=product&#038;p=1143"},"modified":"2023-09-26T22:31:12","modified_gmt":"2023-09-27T03:31:12","slug":"removedor-cuticula-60ml","status":"publish","type":"product","link":"https:\/\/retoquex.com\/index.php\/producto\/removedor-cuticula-60ml\/","title":{"rendered":"REMOVEDOR CUTICULA 60ML"},"content":{"rendered":"<p>RETOQUEX: Tu elecci\u00f3n para un cuidado excepcional de u\u00f1as. Nuestro removedor de cut\u00edcula RETOQUEX ofrece un ablandamiento r\u00e1pido y efectivo de las cut\u00edculas, facilitando su eliminaci\u00f3n sin esfuerzo. Adem\u00e1s, nuestra f\u00f3rmula \u00fanica nutre y acondiciona tus u\u00f1as y cut\u00edculas, manteni\u00e9ndolas saludables y hermosas. Conf\u00eda en RETOQUEX para unas u\u00f1as impecables y un cuidado sin igual.<\/p>\n","protected":false},"excerpt":{"rendered":"<p>RETOQUEX: Tu elecci\u00f3n para un cuidado excepcional de u\u00f1as. Nuestro removedor de cut\u00edcula RETOQUEX ofrece un ablandamiento r\u00e1pido y efectivo de las cut\u00edculas, facilitando su eliminaci\u00f3n sin esfuerzo.<\/p>\n","protected":false},"featured_media":1144,"comment_status":"open","ping_status":"closed","template":"","meta":{"site-sidebar-layout":"default","site-content-layout":"","ast-site-content-layout":"default","site-content-style":"default","site-sidebar-style":"default","ast-global-header-display":"","ast-banner-title-visibility":"","ast-main-header-display":"","ast-hfb-above-header-display":"","ast-hfb-below-header-display":"","ast-hfb-mobile-header-display":"","site-post-title":"","ast-breadcrumbs-content":"","ast-featured-img":"","footer-sml-layout":"","theme-transparent-header-meta":"default","adv-header-id-meta":"","stick-header-meta":"","header-above-stick-meta":"","header-main-stick-meta":"","header-below-stick-meta":"","astra-migrate-meta-layouts":"set"},"product_cat":[35],"product_tag":[],"_links":{"self":[{"href":"https:\/\/retoquex.com\/index.php\/wp-json\/wp\/v2\/product\/1143"}],"collection":[{"href":"https:\/\/retoquex.com\/index.php\/wp-json\/wp\/v2\/product"}],"about":[{"href":"https:\/\/retoquex.com\/index.php\/wp-json\/wp\/v2\/types\/product"}],"replies":[{"embeddable":true,"href":"https:\/\/retoquex.com\/index.php\/wp-json\/wp\/v2\/comments?post=1143"}],"wp:featuredmedia":[{"embeddable":true,"href":"https:\/\/retoquex.com\/index.php\/wp-json\/wp\/v2\/media\/1144"}],"wp:attachment":[{"href":"https:\/\/retoquex.com\/index.php\/wp-json\/wp\/v2\/media?parent=1143"}],"wp:term":[{"taxonomy":"product_cat","embeddable":true,"href":"https:\/\/retoquex.com\/index.php\/wp-json\/wp\/v2\/product_cat?post=1143"},{"taxonomy":"product_tag","embeddable":true,"href":"https:\/\/retoquex.com\/index.php\/wp-json\/wp\/v2\/product_tag?post=1143"}],"curies":[{"name":"wp","href":"https:\/\/api.w.org\/{rel}","templated":true}]}}