{"id":1140,"date":"2023-09-23T22:36:43","date_gmt":"2023-09-24T03:36:43","guid":{"rendered":"https:\/\/retoquex.com\/?post_type=product&#038;p=1140"},"modified":"2023-09-23T22:36:43","modified_gmt":"2023-09-24T03:36:43","slug":"removedor-cuticula-en-crema","status":"publish","type":"product","link":"https:\/\/retoquex.com\/index.php\/producto\/removedor-cuticula-en-crema\/","title":{"rendered":"REMOVEDOR CUTICULA EN CREMA"},"content":{"rendered":"<p>Un removedor de cut\u00edcula en crema es un producto indispensable para mantener tus u\u00f1as con un aspecto saludable y bien cuidado. Esta crema suaviza y afloja suavemente la cut\u00edcula, facilitando su eliminaci\u00f3n sin necesidad de cortarla, lo que puede da\u00f1ar las u\u00f1as. Un buen removedor de cut\u00edcula en crema hidrata y nutre la piel alrededor de las u\u00f1as, dej\u00e1ndolas con un aspecto limpio y pulido. Incorpora este producto en tu rutina de cuidado de u\u00f1as para obtener unos resultados profesionales en casa.<\/p>\n","protected":false},"excerpt":{"rendered":"<p>Esta crema suaviza y afloja suavemente la cut\u00edcula, facilitando su eliminaci\u00f3n sin necesidad de cortarla, lo que puede da\u00f1ar las u\u00f1as.<\/p>\n","protected":false},"featured_media":1141,"comment_status":"open","ping_status":"closed","template":"","meta":{"site-sidebar-layout":"default","site-content-layout":"","ast-site-content-layout":"default","site-content-style":"default","site-sidebar-style":"default","ast-global-header-display":"","ast-banner-title-visibility":"","ast-main-header-display":"","ast-hfb-above-header-display":"","ast-hfb-below-header-display":"","ast-hfb-mobile-header-display":"","site-post-title":"","ast-breadcrumbs-content":"","ast-featured-img":"","footer-sml-layout":"","theme-transparent-header-meta":"default","adv-header-id-meta":"","stick-header-meta":"","header-above-stick-meta":"","header-main-stick-meta":"","header-below-stick-meta":"","astra-migrate-meta-layouts":"set"},"product_cat":[35],"product_tag":[],"_links":{"self":[{"href":"https:\/\/retoquex.com\/index.php\/wp-json\/wp\/v2\/product\/1140"}],"collection":[{"href":"https:\/\/retoquex.com\/index.php\/wp-json\/wp\/v2\/product"}],"about":[{"href":"https:\/\/retoquex.com\/index.php\/wp-json\/wp\/v2\/types\/product"}],"replies":[{"embeddable":true,"href":"https:\/\/retoquex.com\/index.php\/wp-json\/wp\/v2\/comments?post=1140"}],"wp:featuredmedia":[{"embeddable":true,"href":"https:\/\/retoquex.com\/index.php\/wp-json\/wp\/v2\/media\/1141"}],"wp:attachment":[{"href":"https:\/\/retoquex.com\/index.php\/wp-json\/wp\/v2\/media?parent=1140"}],"wp:term":[{"taxonomy":"product_cat","embeddable":true,"href":"https:\/\/retoquex.com\/index.php\/wp-json\/wp\/v2\/product_cat?post=1140"},{"taxonomy":"product_tag","embeddable":true,"href":"https:\/\/retoquex.com\/index.php\/wp-json\/wp\/v2\/product_tag?post=1140"}],"curies":[{"name":"wp","href":"https:\/\/api.w.org\/{rel}","templated":true}]}}